hat is n(j)?
-17
Let t(g) = g**3 - 6*g**2 + 5*g + 4. Suppose 3*h - 2*a = -324 - 271, -4*a + 20 = 0. Let l = -190 - h. Give t(l).
4
Let c = 17589 + -17579. Let l(h) = -h**3 + 10*h**2 + 10*h - 97. Calculate l(c).
3
Let d(t) = -40*t**2 - 799*t + 26. Let x be d(-20). Let m(s) = 2*s**2 - 3*s - 15. Calculate m(x).
39
Let f(p) = -p**3 - 8*p**2 - p - 11. Suppose 0 = 9*a - 439 - 344. Suppose -86*r + 8 = -a*r. What is f(r)?
-3
Let a be (-14)/(-2) - (-9 + (-220)/(-22)). Let f(b) = 3 - 10*b + b**2 + 0*b + 21. Calculate f(a).
0
Suppose -7*v + 1600 + 591 = 0. Suppose -v = 43*q - 98. Let f(c) = 10*c + 4. Calculate f(q).
-46
Let l(d) be the third derivative of -d**4/24 + d**3/2 + d**2 - 37. Determine l(-19).
22
Let f = -33 + 34. Suppose 0 = -5*l - 5*b - 5, -b + 3 = -2*l + f. Let z(t) = -2281 + 2281 - 11*t. Calculate z(l).
11
Let o(k) = 287 + 144*k - 285*k - 329 - 12*k**2 - k**3 + 156*k. What is o(-13)?
-68
Let s(j) be the second derivative of j**4/12 + j**3/3 + 2*j**2 + 1611*j. Determine s(7).
67
Let v = 43 - 3. Suppose h - 32 = v. Let z(q) = -h*q - 92*q + 149*q. What is z(-1)?
15
Let u(z) = 11*z**3 - 16*z**2 - 24*z - 8. Let o(f) = -46*f**3 + 65*f**2 + 97*f + 34. Let v(b) = -6*o(b) - 25*u(b). Calculate v(-7).
17
Let b be (6/(-9))/(2/36). Let q(h) be the first derivative of h**2/2 - 2*h - 4012. What is q(b)?
-14
Let x(k) = 79*k - 19. Let i(r) = 434*r - 94. Let c(b) = -2*i(b) + 11*x(b). Determine c(4).
-17
Let y be -5 + 3*28/12 - -143. Let h = y - 135. Let o(f) = -2*f + 12. Give o(h).
-8
Let i(a) = 10*a - 56. Suppose 4*t = 11*t - 42. Give i(t).
4
Let a(p) = -p**3 - p**2 - 4. Let m = -355 - -361. Let z be m/10 + (184/(-40) - -1). What is a(z)?
14
Let i = 1 + 1. Suppose 2*x + i*x - 36 = 0. Let k(j) be the first derivative of -j**4/4 + 3*j**3 + j**2/2 - 647. What is k(x)?
9
Let d(s) = -85 + 51*s - 50 - 25*s - 20*s. What is d(22)?
-3
Let m(w) = 14*w + 26. Let x(y) = -16*y - 25. Let v(p) = 4*m(p) + 3*x(p). Let j be v(-4). Let f(q) = 2*q**3 + 2*q**2 - 2*q + 1. Calculate f(j).
-29
Suppose -265*k = -732 - 328. Let d(m) = m**3 - 4*m**2 + 3*m - 10. Calculate d(k).
2
Let g(u) = -u + 31. Suppose -112*f = -149 - 911 - 1404. Determine g(f).
9
Let c = -55 - -58. Suppose -10*v = c*v - 390. Let a(t) = 15*t + 1 - v*t + 17*t. Calculate a(-2).
-3
Let x(n) = 3*n**3 + 9*n**2 + 3*n - 1. Let h(b) = b**3 + b**2 + b - 1. Let d(p) = -2*h(p) + x(p). Suppose 2*w - 10 = g + 5*w, -5*w = 5. Determine d(g).
-6
Let n(f) = 9*f - 70. Let i be n(8). Let z(q) = 129*q**i - 133*q**2 + 1 + q - 2*q - q**3. What is z(-4)?
5
Let g(b) = b**3 + 5*b**2 + 2*b + 7. Suppose 3*k = 3*w + 3, -w + 0*k = 2*k - 14. Suppose -w*v - 188 = -168. What is g(v)?
-3
Let g(d) = -7*d - 236. Suppose 243*c - 244*c = 4*s + 131, 5 = 5*c. Calculate g(s).
-5
Let i(u) be the third derivative of 50*u**2 + 4/3*u**3 + 0*u + 1/12*u**4 + 0. Give i(-4).
0
Let n(o) = o**3 + 7*o**2 + 7*o + 4. Suppose 2*p - 5*d = 4*p + 5, 2*d + 2 = -5*p. Suppose p = -2*v + 2 + 16. Suppose -14*h = -v*h + 30. What is n(h)?
-2
Let b(q) be the third derivative of q**4/24 - 7*q**3/6 - 2*q**2 - 19*q. What is b(6)?
-1
Suppose 4*q = -x - 2, 6*q - 3*q = -x - 4. Let n(h) = -12*h - 121. Let y(s) = 21*s + 214. Let o(u) = 5*n(u) + 3*y(u). Give o(x).
7
Suppose -2*i + 22 = w + 11, 2*w + 3*i - 17 = 0. Let f(y) = 2*y**3. Let u(c) = 3*c**3 + c**2 - 2*c + 1. Let v(x) = w*f(x) - u(x). Give v(2).
-9
Let t be (-5)/(105/9) - 136/(-56) - -1. Let v(c) = -8*c + 4. Give v(t).
-20
Let y(r) be the first derivative of 2*r**3/3 - 7*r**2/2 - 13*r + 10. Let s be y(5). Let g(z) = -2*z**2 - 6 - 4*z + s*z**2 - z**2 - z. Calculate g(-5).
-6
Let p(x) be the third derivative of -1/60*x**5 + 0 + 0*x + 7/2*x**3 + 7/12*x**4 + 340*x**2. Determine p(15).
6
Suppose -6 = 5*z + 4*o, 4*z - 8*z + o - 9 = 0. Let y be -38*1/z - 6. Let w(h) = -h + 8. Give w(y).
-5
Let z(q) be the third derivative of -q**6/60 + 9*q**5/10 + q**4/8 - 44*q**3/3 + 2*q**2 - 3385*q. Determine z(27).
-7
Let o(n) = 4*n - 5. Let k(i) = -i. Let f(l) = -5*k(l) - o(l). Suppose -5*d + 14*h - 49 = 11*h, 3*h + 23 = -4*d. Give f(d).
-3
Let w = 711 + -711. Let q(s) = w*s - 3 - 2 + 2 + 6 + 4*s. What is q(7)?
31
Let v(n) be the third derivative of -n**6/120 - n**5/10 - n**4/24 - 7*n**3/6 - 6573*n**2 - 10. Suppose -3*q - 3 = 15. What is v(q)?
-1
Let f(w) be the second derivative of -w**7/840 + w**6/60 + w**5/15 - w**4/6 + 3*w**3/2 + w**2 + 55*w. Let u(t) be the second derivative of f(t). Calculate u(7).
3
Let n be 7/(-210)*3*(-2 + 0)*25. Let l(c) = c**3 - 8*c**2 + 16*c - 7. Give l(n).
-2
Let t(b) be the third derivative of -b**5/60 + 5*b**3/6 - 11*b**2. Let h(d) = 20*d - 56. Let u be h(3). Give t(u).
-11
Let o be 7*(-54)/(-315)*10. Suppose -o*h + 8 - 56 = 0. Let b(g) be the first derivative of -g**4/4 - 4*g**3/3 + g**2 + 2*g - 1. Calculate b(h).
-6
Let r(w) = 8*w + 30. Let u be r(-3). Let z(i) = 9*i + 2 - i**2 + u + 5 - 16 - 3*i. Determine z(5).
2
Suppose 0*m = 2*m + 10. Let y(p) = -8 + 6*p + 1 - 7 + 10 - 7*p. Calculate y(m).
1
Let o(m) = -28*m - 34*m + 10*m - 176 + 73 + 83 - 3*m**2. Determine o(-17).
-3
Let b(m) = 22 - 6561*m + 13071*m - 6512*m. Calculate b(7).
8
Let t(h) = -2*h**2 + 24*h + 23. Let g(j) = -j**2 + 8*j + 8. Let o(d) = -8*g(d) + 3*t(d). Let m be (9*1*(-1)/(-6))/(33/(-110)). Calculate o(m).
15
Let a(b) = -594 + 41*b + 148 + 152 + 151 + 144. Give a(0).
1
Let h(i) = 9*i**3 - 89*i**2 + 61*i + 114. Let y(v) = -7*v**3 + 71*v**2 - 48*v - 91. Let t(r) = -11*h(r) - 14*y(r). What is t(-15)?
5
Let a(p) = 4*p**2 + 19*p - 79. Let c be a(-8). Let w(t) = -t**3 + 24*t**2 + 24*t + 30. Give w(c).
5
Let a(o) = o**2 - 31*o - 145. Suppose 10*n = 5*p + 15*n - 185, p - n - 33 = 0. Calculate a(p).
-5
Let w(v) = v**3 + 15*v**2 - 37*v + 312. Let q be w(-18). Let y(j) = 58*j - 332. Calculate y(q).
16
Let b(h) be the first derivative of 2*h**3/3 + 5*h**2/2 + 7*h + 683. Suppose -2*o + 0 - 26 = -4*x, 4*o - 8 = -4*x. What is b(o)?
10
Let h = 864 - 866. Let i(j) = -11*j - 11*j + 1 - 16*j + 33*j. Give i(h).
11
Let f(a) = -19*a + 678. Let b be f(36). Let l(m) = 5*m**2 + 14*m - 8. Give l(b).
88
Let j be (56/1)/4 - (280/5)/8. Let i(f) = 3*f - 18. Give i(j).
3
Let y(p) = p**3 - 6*p**2 + 6*p - 19. Let f = -640 - -645. Give y(f).
-14
Let s(y) = 3*y**2 - 6*y - 15. Let w(o) = -18*o**2 + 28*o + 76. Let v(a) = -11*s(a) - 2*w(a). What is v(-3)?
10
Let z(n) = n**3 - 7*n**2 + 5*n - 16. Suppose 312*x - 299*x - 74 = -9. Determine z(x).
-41
Let u(j) = 11*j**2 + 8*j - 4 - 2 + 7*j**2 + 2*j**2 - 18*j**2. Let t = 0 - 2. Let y(b) = b**2 + 4*b - 3. Let s(c) = t*u(c) + 5*y(c). Give s(-4).
-3
Let r(u) = -7390*u - 160 + 7397*u + 161. Let w = -2 - -1. What is r(w)?
-6
Let f(z) = 2*z - 8. Let p(g) = 5*g - 20. Let y = 301 - 309. Let s(x) = y*f(x) + 3*p(x). What is s(2)?
2
Let d(x) = -85*x - 1. Let n = -6175 - -6174. What is d(n)?
84
Let j(y) = 2*y - 9. Let q be j(6). Let u(p) be the first derivative of 162 - 5/2*p**2 + 3*p + 1/3*p**3. Determine u(q).
-3
Let u(g) = 2*g - 12. Let r be (-3)/33 + (-64)/22 - -7. Let x(l) = -l + 7. Let h(o) = r*u(o) + 7*x(o). What is h(3)?
4
Let q = 39370 - 39374. Let l(u) be the third derivative of u**5/30 - u**4/8 - u**3/6 + 2*u**2. Determine l(q).
43
Let t(d) be the third derivative of -d**6/60 - 11*d**5/60 + d**4/6 - 2*d**3/3 - d**2 - 5*d. Let j be t(-6). Let p(o) = -o + 1. What is p(j)?
-7
Let f(o) = 24 - 7*o**2 + 3*o - 7 - 55 + 43. Determine f(-3).
-67
Let s be ((-104)/(-78))/((-2)/(-6)*2). Suppose 5*x - 16 = -s*d, -6*d + 40 = -d + 4*x. Let f(w) = -w**2 + 5*w + 24. Let k be f(d). Let a(j) = j - 3. Give a(k).
-3
Suppose -52 = 4*m - c + 4, 2*m + 34 = -c. Let q(w) = -6*w**2 - 2*w**2 - 2*w - 13*w + w**2 - 1 + 6*w**2. Give q(m).
-1
Let j(l) = -2*l**2 - l + 1. Let m be (-40)/50*555/6. Let g = m - -72. Calculate j(g).
-5
Let m(c) = 1261*c**2 + c**3 - 4 - 1033*c**2 - 234*c**2. What is m(5)?
-29
Let a = 2149 - 2156. Let f(v) be the first derivative of -v**4/4 - 3*v**3 - 9*v**2/2 - 4*v - 13. What is f(a)?
-39
Let b(q) = q - 10*q**2 - 277 + 0*q**2 + 269 + q**3. Let y be b(10). Let j(v) = -v**3 - v**2 + 4*v - 3. Give j(y).
-7
Let s(y) be the first derivative of -4*y**3/3 - 3*y**2 + 11*y - 1382. Calculate s(3).
-43
Let o(y) = -174 + 6*y + 219 - 138 + 8*y. Calculate o(6).
-9
Let t(m) = -79 + 42 + 29 - 5*m + 37. Calculate t(6).
-1
Let o(l) = -29*l**2 - 2*l + 3. Let p 